{"id":334,"date":"2014-03-19T01:57:27","date_gmt":"2014-03-19T04:57:27","guid":{"rendered":"http:\/\/greatives.eu\/dummies\/reload\/?page_id=334"},"modified":"2015-02-24T18:29:07","modified_gmt":"2015-02-24T21:29:07","slug":"en-que-creemos","status":"publish","type":"page","link":"https:\/\/www.miredsocial.cl\/?page_id=334","title":{"rendered":"En que creemos"},"content":{"rendered":"<section  class=\"grve-section\"  style=\"margin-bottom: 60px;\">  <div class=\"grve-row\">\n\t\t<div class=\"wpb_column grve-column-1-2 grve-tablet-column-1\">\n\t\t\t<div class=\"grve-element grve-slogan grve-align-center grve-animated-item fadeIn\" style=\"\" data-delay=\"200\"><h1 class=\"grve-slogan-title grve-align-center grve-title-no-line grve-light-text\">el mejor negocio en la vida es disfrutar de ella<\/h1>  <p><\/p><\/div>\n\t\t<\/div>\n\t\n\t\t<div class=\"wpb_column grve-column-1-2 grve-tablet-column-1\">\n\t\t\t  <div class=\"grve-row \">\n\t\t<div class=\"wpb_column grve-column-1-2\">\n\t\t\t<div class=\"grve-element grve-icon-box-small grve-animated-item fadeInLeft\" style=\"\" data-delay=\"900\">  <div class=\"grve-icon fa fa-smile-o\"><\/div>  <div class=\"grve-box-content\">      <h5 class=\"grve-box-title\">Sinceridad<\/h5>    <p>Somos francos, no le decimos al cliente lo que quiere escuchar, lo aconsejamos siempre con transparencia en nuestro actuar.<\/p>  <\/div><\/div><div class=\"grve-element grve-icon-box-small grve-animated-item fadeInLeft\" style=\"\" data-delay=\"300\">  <div class=\"grve-icon fa fa-group\"><\/div>  <div class=\"grve-box-content\">      <h5 class=\"grve-box-title\">Apoyo de equipo<\/h5>    <p>Si alguien falla, siempre habr\u00e1 alguien dispuesto a apoyar esa \u00e1rea de trabajo. La mesa tiene cuatro etapas y no queremos perder ninguna.<\/p>  <\/div><\/div>\n\t\t<\/div>\n\t\n\t\t<div class=\"wpb_column grve-column-1-2\">\n\t\t\t<div class=\"grve-element grve-icon-box-small grve-animated-item fadeInLeft\" style=\"\" data-delay=\"600\">  <div class=\"grve-icon fa fa-star\"><\/div>  <div class=\"grve-box-content\">      <h5 class=\"grve-box-title\">Juventud<\/h5>    <p>\u00abCuando bailas, tu objetivo no es ir a un lugar determinado de la pista. Es disfrutar cada paso del camino\u00bb. Disfrutar con el trabajo es hallar la fuente de la juventud.<\/p>  <\/div><\/div><div class=\"grve-element grve-icon-box-small grve-animated-item fadeInLeft\" style=\"\" data-delay=\"1200\">  <div class=\"grve-icon fa fa-superscript\"><\/div>  <div class=\"grve-box-content\">      <h5 class=\"grve-box-title\">Capacidades<\/h5>    <p>Creemos que lo que no se sabe se aprende, nos apoyamos y compartimos nuestros conocimientos entre el equipo para crear una forma de trabajo arm\u00f3nica y sustentable.<\/p>  <\/div><\/div>\n\t\t<\/div>\n\t  <\/div>\n\t\t<\/div>\n\t  <\/div><\/section><section  class=\"grve-section\" >  <div class=\"grve-row\">\n\t\t<div class=\"wpb_column grve-column-1\">\n\t\t\t  <hr class=\"grve-element grve-line-divider grve-fullwidth-element \" style=\"\">\n\t\t<\/div>\n\t  <\/div><\/section><section  class=\"grve-section\" >  <div class=\"grve-row\">\n\t\t<div class=\"wpb_column grve-column-1\">\n\t\t\t<div class=\"grve-element grve-image-text grve-animated-item fadeIn\" style=\"\" data-delay=\"200\"><div class=\"grve-image\">  <img alt=\"\" src=\"https:\/\/www.miredsocial.cl\/wp-content\/uploads\/2014\/03\/La-Familia.jpg\"><\/div>  <div class=\"grve-content\">    <div class=\"grve-element grve-margin-10\">      <h4>La Familia<\/h4>      <p>La vida es corta, y por desgracia las personas gastan mucho tiempo fuera de casa, nuestro pilar y fundamentos val\u00f3ricos est\u00e1n en la familia, queremos entregarle el mayor tiempo posible por esto trabajamos desde casa. Para ellos siempre lo mejor.<\/p>    <\/div>    <div class=\"clear\"><\/div>  <\/div><\/div>\n\t\t<\/div>\n\t  <\/div><\/section><section  class=\"grve-section\"  style=\"background-color: #1c2730;padding-top: 60px;padding-bottom: 60px;margin-bottom: 0px;\">  <div class=\"grve-row\">\n\t\t<div class=\"wpb_column grve-column-1-3\">\n\t\t\t<div class=\"grve-element grve-icon-box grve-align-center grve-white-box grve-animated-item fadeIn\" style=\"\" data-delay=\"200\"><a href=\"\" target=\"_self\">  <div class=\"grve-icon fa fa-child\"><\/div><\/a>  <div class=\"grve-box-content\"><a href=\"\" target=\"_self\">      <h5 class=\"grve-box-title\">Honestidad<\/h5><\/a>    <p>Cuidamos nuestro trabajo y a nuestros clientes, actuamos con honestidad frente al trabajo que podemos desarrollar.<br \/>\n<\/p>  <\/div><\/div>\n\t\t<\/div>\n\t\n\t\t<div class=\"wpb_column grve-column-1-3\">\n\t\t\t<div class=\"grve-element grve-icon-box grve-align-center grve-white-box grve-animated-item fadeIn\" style=\"\" data-delay=\"400\"><a href=\"\" target=\"_self\">  <div class=\"grve-icon fa fa-graduation-cap\"><\/div><\/a>  <div class=\"grve-box-content\"><a href=\"\" target=\"_self\">      <h5 class=\"grve-box-title\">Capacitaci\u00f3n<\/h5><\/a>    <p>La informaci\u00f3n existe, la clave es buscarla y aplicarla constantemente.<\/p>\n<p><\/p>  <\/div><\/div>\n\t\t<\/div>\n\t\n\t\t<div class=\"wpb_column grve-column-1-3\">\n\t\t\t<div class=\"grve-element grve-icon-box grve-align-center grve-white-box grve-animated-item fadeIn\" style=\"\" data-delay=\"600\"><a href=\"\" target=\"_self\">  <div class=\"grve-icon fa fa-photo\"><\/div><\/a>  <div class=\"grve-box-content\"><a href=\"\" target=\"_self\">      <h5 class=\"grve-box-title\">Libertad<\/h5><\/a>    <p>Trabajar en nuestro propio aire es fundamental para nuestro sistema de vida.<\/p>\n<p><\/p>  <\/div><\/div>\n\t\t<\/div>\n\t  <\/div><\/section><section  class=\"grve-section\"  style=\"padding-top: 40px;padding-bottom: 40px;margin-bottom: 60px;\">  <div class=\"grve-row\">\n\t\t<div class=\"wpb_column grve-column-1-2 grve-tablet-column-1\">\n\t\t\t<div class=\"grve-element grve-dropcap grve-animated-item fadeIn\" style=\"\" data-delay=\"200\"><p><span class=\"grve-style-2\">M<\/span>i Red Social<\/p><\/div><div class=\"grve-element grve-dropcap grve-animated-item fadeIn\" style=\"\" data-delay=\"200\"><p><span class=\"grve-style-2\">R<\/span>apidez: estamos Online, tenemos capacidad de respuesta.<br \/>\nNos gusta ser as\u00ed.<\/p>\n<p><\/p><\/div><div class=\"grve-element grve-dropcap grve-animated-item fadeIn\" style=\"\" data-delay=\"200\"><p><span class=\"grve-style-2\">S<\/span>ocial Media Expert<\/p><\/div>\n\t\t<\/div>\n\t\n\t\t<div class=\"wpb_column grve-column-1-2 grve-tablet-column-1\">\n\t\t\t<div class=\"grve-element grve-toggle grve-style-2\" style=\"\">  <ul class=\"grve-toggle-wrapper grve-first-open\"><li class=\"\">  <div class=\"grve-title\"> Experiencia<\/div>  <div class=\"grve-content\"><div class=\"grve-element grve-text\">\t\t\n\t\t\t<p>El prop\u00f3sito de la vida es vivirla, disfrutar de la experiencia al extremo, extender la mano con impaciencia y sin miedo a vivir experiencias m\u00e1s nuevas y m\u00e1s enriquecedoras.<\/p>\n\t\n\t\t<\/div>\n\t<\/div><\/li><li class=\"\">  <div class=\"grve-title\"> Buscamos ganar dinero haciendo el bien<\/div>  <div class=\"grve-content\"><div class=\"grve-element grve-text\">\t\t\n\t\t\t<p>Mi Red Social es un negocio. Los ingresos que generamos derivan de la oferta de Contenidos en Redes Sociales, de las asesor\u00edas en Marketing Digital y de la venta de Publicidad que aparece en distintos Sitios Web para promocionar los productos y servicios de nuestros clientes.<\/p>\n<p>Para asegurarnos de que estamos sirviendo a nuestros clientes trazamos una serie de principios que gu\u00edan nuestros programas y nuestras pr\u00e1cticas publicitarias:<\/p>\n<p>La honra y el respeto hacia las distintas etnias, religiones, grupos pol\u00edticos, tendencias sexuales,\u00a0 nos compete, no realizamos publicidad disminuyendo o mof\u00e1ndose de grupos minoritarios. Nos enfocamos a los mensajes positivos hacia las personas.<\/p>\n\t\n\t\t<\/div>\n\t<\/div><\/li><li class=\"\">  <div class=\"grve-title\"> Se puede ser serio sin usar corbata<\/div>  <div class=\"grve-content\"><div class=\"grve-element grve-text\">\t\t\n\t\t\t<p>El trabajo debe ser un desaf\u00edo y el desaf\u00edo debe ser placentero.<\/p>\n<p>Ponemos\u00a0 \u00e9nfasis en los logros grupales y sentimos orgullo por los logros individuales.<br \/>\nTal vez nuestra atm\u00f3sfera es informal, pero cuando las nuevas ideas surgen en la fila\u00a0 de la cafeter\u00eda, en una reuni\u00f3n de equipo o durante la pr\u00e1ctica de nuestro deporte favorito, se intercambian, se prueban y se ejecutan con velocidad.<\/p>\n\t\n\t\t<\/div>\n\t<\/div><\/li>  <\/ul><\/div>\n\t\t<\/div>\n\t  <\/div><\/section>\n","protected":false},"excerpt":{"rendered":"el mejor negocio en la vida es disfrutar de ella Sinceridad Somos francos, no le decimos al cliente lo que quiere escuchar, lo aconsejamos siempre con transparencia en nuestro actuar. Apoyo de equipo Si alguien falla, siempre habr\u00e1 alguien dispuesto a apoyar esa \u00e1rea de trabajo. La mesa tiene cuatro etapas y no queremos perder<a class=\"grve-read-more\" href=\"https:\/\/www.miredsocial.cl\/?page_id=334\">leer mas<\/a>","protected":false},"author":1,"featured_media":0,"parent":0,"menu_order":0,"comment_status":"open","ping_status":"closed","template":"","meta":[],"_links":{"self":[{"href":"https:\/\/www.miredsocial.cl\/index.php?rest_route=\/wp\/v2\/pages\/334"}],"collection":[{"href":"https:\/\/www.miredsocial.cl\/index.php?rest_route=\/wp\/v2\/pages"}],"about":[{"href":"https:\/\/www.miredsocial.cl\/index.php?rest_route=\/wp\/v2\/types\/page"}],"author":[{"embeddable":true,"href":"https:\/\/www.miredsocial.cl\/index.php?rest_route=\/wp\/v2\/users\/1"}],"replies":[{"embeddable":true,"href":"https:\/\/www.miredsocial.cl\/index.php?rest_route=%2Fwp%2Fv2%2Fcomments&post=334"}],"version-history":[{"count":6,"href":"https:\/\/www.miredsocial.cl\/index.php?rest_route=\/wp\/v2\/pages\/334\/revisions"}],"predecessor-version":[{"id":1111,"href":"https:\/\/www.miredsocial.cl\/index.php?rest_route=\/wp\/v2\/pages\/334\/revisions\/1111"}],"wp:attachment":[{"href":"https:\/\/www.miredsocial.cl\/index.php?rest_route=%2Fwp%2Fv2%2Fmedia&parent=334"}],"curies":[{"name":"wp","href":"https:\/\/api.w.org\/{rel}","templated":true}]}}